
40
What is the highest common divisor of 1195235 and 145?
145
What is the highest common factor of 3072 and 5504?
128
Calculate the highest common factor of 549 and 4276161.
549
What is the highest common divisor of 4880 and 3782?
122
What is the highest common divisor of 179935 and 1325?
265
Calculate the highest common factor of 28 and 248892.
28
Calculate the highest common factor of 636 and 28320.
12
What is the greatest common factor of 26 and 30329?
13
Calculate the greatest common divisor of 2058 and 36750.
294
What is the greatest common divisor of 7577534 and 46?
46
Calculate the highest common factor of 122 and 14.
2
Calculate the highest common divisor of 470 and 623878.
94
Calculate the highest common factor of 221962 and 416.
26
What is the highest common divisor of 40098 and 21156?
246
Calculate the greatest common divisor of 302 and 604906.
302
What is the highest common factor of 5376 and 23520?
672
Calculate the highest common divisor of 1544 and 16049108.
772
What is the highest common divisor of 219 and 120961?
73
What is the highest common divisor of 194736 and 816?
48
Calculate the greatest common divisor of 1917 and 31737.
213
Calculate the highest common divisor of 2405 and 45140.
185
Calculate the highest common divisor of 3640 and 38714.
26
What is the highest common factor of 2226 and 877998?
318
What is the highest common factor of 3440 and 124184?
344
What is the greatest common divisor of 3611 and 207?
23
Calculate the highest common factor of 39216 and 147877.
817
What is the greatest common divisor of 40521 and 325?
13
What is the highest common divisor of 104480 and 240?
80
Calculate the greatest common factor of 7427 and 56.
7
Calculate the highest common divisor of 12260 and 129343.
613
What is the greatest common divisor of 5954 and 572?
26
What is the greatest common divisor of 1311222 and 66?
66
What is the greatest common factor of 1376 and 4416?
32
Calculate the highest common divisor of 229147 and 43.
43
What is the highest common factor of 482053 and 286?
143
What is the greatest common factor of 2937661 and 113?
113
What is the highest common factor of 257 and 1791033?
257
What is the highest common factor of 523702 and 438?
146
What is the greatest common factor of 113291 and 386?
193
What is the greatest common factor of 20952 and 118922?
194
Calculate the highest common factor of 32 and 61624.
8
What is the highest common divisor of 1418655 and 1374?
687
Calculate the greatest common factor of 19278 and 18207.
1071
What is the highest common divisor of 46953 and 1161652?
1739
What is the highest common factor of 564596 and 19100?
764
What is the highest common factor of 2116868 and 52?
52
Calculate the greatest common factor of 6706 and 3864.
14
What is the highest common factor of 207762 and 186?
186
What is the greatest common divisor of 3150757 and 79?
79
Calculate the highest common factor of 18 and 9927.
9
Calculate the highest common factor of 19282 and 5598.
622
What is the greatest common factor of 30 and 43755?
15
What is the highest common divisor of 5886 and 13298?
218
Calculate the greatest common divisor of 2497 and 74833.
11
What is the highest common divisor of 271256 and 8?
8
Calculate the highest common factor of 1295 and 94885.
35
What is the greatest common divisor of 17688 and 216?
24
Calculate the highest common factor of 4676429 and 161.
23
Calculate the greatest common divisor of 107 and 1613881.
107
What is the greatest common factor of 260 and 12245?
5
What is the greatest common factor of 162582 and 105?
21
What is the highest common factor of 19 and 1626?
1
What is the highest common factor of 2354 and 3784?
22
Calculate the greatest common divisor of 192973 and 11.
11
What is the highest common divisor of 376056 and 32?
8
Calculate the highest common divisor of 6453532 and 1132.
1132
Calculate the highest common factor of 1640 and 4669080.
1640
What is the highest common divisor of 130192 and 21424?
1648
What is the highest common divisor of 2956 and 92?
4
What is the highest common divisor of 110 and 152735?
55
Calculate the highest common factor of 142646 and 18032.
322
What is the highest common factor of 45 and 4131?
9
Calculate the greatest common factor of 627 and 616341.
627
Calculate the greatest common divisor of 29 and 157151.
29
What is the highest common divisor of 33 and 264154?
11
Calculate the greatest common divisor of 176 and 78419.
11
What is the greatest common divisor of 264 and 34386?
66
Calculate the highest common factor of 954 and 18391.
53
Calculate the highest common factor of 41469 and 4623.
69
Calculate the highest common divisor of 1067 and 435433.
97
What is the highest common divisor of 311748 and 50706?
1878
What is the highest common factor of 212352 and 2133?
237
Calculate the greatest common divisor of 333 and 51171.
111
What is the greatest common factor of 145 and 53708?
29
What is the highest common divisor of 247749 and 2421?
807
Calculate the greatest common factor of 2964 and 44384.
76
What is the highest common factor of 17770 and 180?
10
Calculate the highest common divisor of 63 and 106659.
63
Calculate the greatest common factor of 262386 and 946.
86
What is the highest common divisor of 95 and 9715?
5
What is the greatest common factor of 105 and 667815?
15
Calculate the greatest common factor of 30302 and 1112.
278
What is the highest common factor of 2046 and 1473802?
682
Calculate the greatest common factor of 2442 and 1122.
66
Calculate the highest common divisor of 458527 and 76.
19
What is the highest common divisor of 304 and 12008?
152
What is the highest common divisor of 46720 and 3869?
73
What is the greatest common factor of 126 and 19362?
42
Calculate the greatest common divisor of 201 and 57.
3
Calculate the greatest common divisor of 45 and 600.
15
What is the greatest common divisor of 2900 and 13500?
100
What is the greatest common divisor of 6879 and 1075417?
2293
Calculate the greatest common factor of 21 and 2768430.
21
Calculate the greatest common divisor of 3192 and 33768.
168
Calculate the greatest common divisor of 14839 and 508431.
781
Calculate the highest common factor of 54936 and 2520.
504
What is the highest common divisor of 25458 and 6?
6
Calculate the highest common factor of 4 and 761204.
4
Calculate the greatest common factor of 245539 and 196.
49
Calculate the greatest common factor of 77357 and 215.
43
What is the highest common divisor of 13356 and 1548?
36
Calculate the highest common divisor of 99064 and 22997.
1769
Calculate the greatest common divisor of 2114 and 50434.
302
Calculate the greatest common divisor of 58162 and 962.
26
What is the greatest common factor of 897 and 9704344?
299
What is the greatest common divisor of 22450426 and 298?
298
What is the highest common divisor of 16 and 584?
8
Calculate the greatest common factor of 8226 and 54.
18
What is the greatest common divisor of 405 and 22500?
45
What is the highest common divisor of 810817 and 35?
7
What is the greatest common divisor of 20 and 129964?
4
Calculate the highest common divisor of 41992 and 74008.
232
Calculate the greatest common factor of 1912 and 6.
2
What is the highest common divisor of 57070 and 299?
13
What is the highest common factor of 184 and 426788?
92
Calculate the highest common divisor of 231308 and 770.
154
Calculate the greatest common divisor of 390467 and 154.
77
What is the highest common divisor of 100 and 3799850?
50
What is the greatest common factor of 604 and 9228214?
302
What is the greatest common divisor of 32 and 284608?
32
What is the highest common divisor of 320 and 6410?
10
What is the highest common divisor of 18 and 62973?
9
What is the greatest common factor of 549 and 1989?
9
What is the highest common factor of 1130 and 27346?
226
Calculate the highest common factor of 40 and 2845.
5
What is the highest common factor of 37 and 436637?
37
What is the highest common divisor of 3937739 and 39?
13
What is the highest common divisor of 337703 and 398?
199
What is the greatest common divisor of 3427 and 17503?
23
Calculate the greatest common factor of 43 and 775419.
43
What is the greatest common factor of 212 and 60314?
106
Calculate the greatest common factor of 533